[INFO] cloning repository https://github.com/h1k421/steam_controller_custom_firmware
[INFO] running `Command { std: "git" "-c" "credential.helper=" "-c" "credential.helper=/workspace/cargo-home/bin/git-credential-null" "clone" "--bare" "https://github.com/h1k421/steam_controller_custom_firmware" "/workspace/cache/git-repos/https%3A%2F%2Fgithub.com%2Fh1k421%2Fsteam_controller_custom_firmware", kill_on_drop: false }`
[INFO] [stderr] Cloning into bare repository '/workspace/cache/git-repos/https%3A%2F%2Fgithub.com%2Fh1k421%2Fsteam_controller_custom_firmware'...
[INFO] running `Command { std: "git" "rev-parse" "HEAD", kill_on_drop: false }`
[INFO] [stdout] 2fa7ca4efc0fa3d05ecdeacabcab2d015a176e1c
[INFO] building h1k421/steam_controller_custom_firmware against master#ff34b919075f35a1787659e9c448a34b06bab8de for issue-85264
[INFO] running `Command { std: "git" "clone" "/workspace/cache/git-repos/https%3A%2F%2Fgithub.com%2Fh1k421%2Fsteam_controller_custom_firmware" "/workspace/builds/worker-3/source", kill_on_drop: false }`
[INFO] [stderr] Cloning into '/workspace/builds/worker-3/source'...
[INFO] [stderr] done.
[INFO] validating manifest of git repo https://github.com/h1k421/steam_controller_custom_firmware on toolchain ff34b919075f35a1787659e9c448a34b06bab8de
[INFO] running `Command { std: "/workspace/cargo-home/bin/cargo" "+ff34b919075f35a1787659e9c448a34b06bab8de" "metadata" "--manifest-path" "Cargo.toml" "--no-deps", kill_on_drop: false }`
[INFO] removed /workspace/builds/worker-3/source/.cargo/config
[INFO] removed /workspace/builds/worker-3/source/rust-toolchain
[INFO] started tweaking git repo https://github.com/h1k421/steam_controller_custom_firmware
[INFO] finished tweaking git repo https://github.com/h1k421/steam_controller_custom_firmware
[INFO] tweaked toml for git repo https://github.com/h1k421/steam_controller_custom_firmware written to /workspace/builds/worker-3/source/Cargo.toml
[INFO] crate git repo https://github.com/h1k421/steam_controller_custom_firmware already has a lockfile, it will not be regenerated
[INFO] running `Command { std: "/workspace/cargo-home/bin/cargo" "+ff34b919075f35a1787659e9c448a34b06bab8de" "fetch" "--manifest-path" "Cargo.toml", kill_on_drop: false }`
[INFO] [stderr]     Blocking waiting for file lock on package cache
[INFO] [stderr]     Blocking waiting for file lock on package cache
[INFO] running `Command { std: "docker" "create" "-v" "/var/lib/crater-agent-workspace/builds/worker-3/target:/opt/rustwide/target:rw,Z" "-v" "/var/lib/crater-agent-workspace/builds/worker-3/source:/opt/rustwide/workdir:ro,Z" "-v" "/var/lib/crater-agent-workspace/cargo-home:/opt/rustwide/cargo-home:ro,Z" "-v" "/var/lib/crater-agent-workspace/rustup-home:/opt/rustwide/rustup-home:ro,Z" "-e" "SOURCE_DIR=/opt/rustwide/workdir" "-e" "CARGO_TARGET_DIR=/opt/rustwide/target" "-e" "CARGO_HOME=/opt/rustwide/cargo-home" "-e" "RUSTUP_HOME=/opt/rustwide/rustup-home" "-w" "/opt/rustwide/workdir" "-m" "1610612736" "--user" "0:0" "--network" "none" "ghcr.io/rust-lang/crates-build-env/linux@sha256:20528e8c29e4536546f0102ce88568b16ea7538393a33fcca951030f7af10457" "/opt/rustwide/cargo-home/bin/cargo" "+ff34b919075f35a1787659e9c448a34b06bab8de" "metadata" "--no-deps" "--format-version=1", kill_on_drop: false }`
[INFO] [stderr] WARNING: Your kernel does not support swap limit capabilities or the cgroup is not mounted. Memory limited without swap.
[INFO] [stdout] d5a5c8d9d87c8fa565e7114ca4ebf49921f9f7c91df21d07259f80d91c5aedcb
[INFO] running `Command { std: "docker" "start" "-a" "d5a5c8d9d87c8fa565e7114ca4ebf49921f9f7c91df21d07259f80d91c5aedcb", kill_on_drop: false }`
[INFO] running `Command { std: "docker" "inspect" "d5a5c8d9d87c8fa565e7114ca4ebf49921f9f7c91df21d07259f80d91c5aedcb", kill_on_drop: false }`
[INFO] running `Command { std: "docker" "rm" "-f" "d5a5c8d9d87c8fa565e7114ca4ebf49921f9f7c91df21d07259f80d91c5aedcb", kill_on_drop: false }`
[INFO] [stdout] d5a5c8d9d87c8fa565e7114ca4ebf49921f9f7c91df21d07259f80d91c5aedcb
[INFO] running `Command { std: "docker" "create" "-v" "/var/lib/crater-agent-workspace/builds/worker-3/target:/opt/rustwide/target:rw,Z" "-v" "/var/lib/crater-agent-workspace/builds/worker-3/source:/opt/rustwide/workdir:ro,Z" "-v" "/var/lib/crater-agent-workspace/cargo-home:/opt/rustwide/cargo-home:ro,Z" "-v" "/var/lib/crater-agent-workspace/rustup-home:/opt/rustwide/rustup-home:ro,Z" "-e" "SOURCE_DIR=/opt/rustwide/workdir" "-e" "CARGO_TARGET_DIR=/opt/rustwide/target" "-e" "CARGO_INCREMENTAL=0" "-e" "RUST_BACKTRACE=full" "-e" "RUSTFLAGS=--cap-lints=forbid" "-e" "CARGO_HOME=/opt/rustwide/cargo-home" "-e" "RUSTUP_HOME=/opt/rustwide/rustup-home" "-w" "/opt/rustwide/workdir" "-m" "1610612736" "--user" "0:0" "--network" "none" "ghcr.io/rust-lang/crates-build-env/linux@sha256:20528e8c29e4536546f0102ce88568b16ea7538393a33fcca951030f7af10457" "/opt/rustwide/cargo-home/bin/cargo" "+ff34b919075f35a1787659e9c448a34b06bab8de" "build" "--frozen" "--message-format=json", kill_on_drop: false }`
[INFO] [stdout] c5c1ebe829d29ba351792998f430449aabd76b5612930518f7f1def664c5dbd2
[INFO] [stderr] WARNING: Your kernel does not support swap limit capabilities or the cgroup is not mounted. Memory limited without swap.
[INFO] running `Command { std: "docker" "start" "-a" "c5c1ebe829d29ba351792998f430449aabd76b5612930518f7f1def664c5dbd2", kill_on_drop: false }`
[INFO] [stderr]    Compiling typenum v1.11.2
[INFO] [stderr]    Compiling semver-parser v0.7.0
[INFO] [stderr]    Compiling cortex-m v0.6.1
[INFO] [stderr]    Compiling stable_deref_trait v1.1.1
[INFO] [stderr]    Compiling syn v1.0.11
[INFO] [stderr]    Compiling vcell v0.1.2
[INFO] [stderr]    Compiling cortex-m-rt v0.6.11
[INFO] [stderr]    Compiling cortex-m v0.5.10
[INFO] [stderr]    Compiling autocfg v0.1.7
[INFO] [stderr]    Compiling nb v0.1.2
[INFO] [stderr]    Compiling r0 v0.2.2
[INFO] [stderr]    Compiling lpc11uxx v0.3.0 (https://github.com/roblabla/lpc-pac#460a1779)
[INFO] [stderr]    Compiling aligned v0.2.0
[INFO] [stderr]    Compiling winapi v0.3.8
[INFO] [stderr]    Compiling heapless v0.5.1
[INFO] [stderr]    Compiling bootloader v0.1.0 (/opt/rustwide/workdir/bootloader)
[INFO] [stderr]    Compiling usb-device v0.2.3
[INFO] [stderr]    Compiling custom-firmware v0.1.0 (/opt/rustwide/workdir/firmware)
[INFO] [stderr]    Compiling scopeguard v1.1.0
[INFO] [stderr]    Compiling volatile-register v0.2.0
[INFO] [stderr]    Compiling embedded-hal v0.2.3
[INFO] [stderr]    Compiling proc-macro2 v1.0.6
[INFO] [stderr]    Compiling semver v0.9.0
[INFO] [stderr]    Compiling hash32 v0.1.1
[INFO] [stderr]    Compiling usbd-serial v0.1.0
[INFO] [stderr]    Compiling num-traits v0.2.10
[INFO] [stderr]    Compiling rustc_version v0.2.3
[INFO] [stderr]    Compiling hidapi-rs v0.1.0 (https://github.com/roblabla/hidapi-rs#c626cc49)
[INFO] [stdout] error[E0412]: cannot find type `HidDevice` in this scope
[INFO] [stdout]   --> /opt/rustwide/cargo-home/git/checkouts/hidapi-rs-4adaa2ddbabdf0bc/c626cc4/src/lib.rs:39:60
[INFO] [stdout]    |
[INFO] [stdout] 38 | impl HidDeviceInfo {
[INFO] [stdout]    |     - help: you might be missing a type parameter: `<HidDevice>`
[INFO] [stdout] 39 |     pub fn open_device(&self, _api: &HidApi) -> Result<Box<HidDevice>, Error> {
[INFO] [stdout]    |                                                            ^^^^^^^^^ not found in this scope
[INFO] [stdout] 
[INFO] [stdout] 
[INFO] [stdout] error[E0425]: cannot find function `hid_open_path` in this scope
[INFO] [stdout]   --> /opt/rustwide/cargo-home/git/checkouts/hidapi-rs-4adaa2ddbabdf0bc/c626cc4/src/lib.rs:40:9
[INFO] [stdout]    |
[INFO] [stdout] 40 |         hid_open_path(&self.path)
[INFO] [stdout]    |         ^^^^^^^^^^^^^ not found in this scope
[INFO] [stdout] 
[INFO] [stdout] 
[INFO] [stdout] error[E0425]: cannot find function `hid_enumerate` in this scope
[INFO] [stdout]   --> /opt/rustwide/cargo-home/git/checkouts/hidapi-rs-4adaa2ddbabdf0bc/c626cc4/src/lib.rs:51:22
[INFO] [stdout]    |
[INFO] [stdout] 51 |             devices: hid_enumerate(0, 0)?
[INFO] [stdout]    |                      ^^^^^^^^^^^^^ not found in this scope
[INFO] [stdout] 
[INFO] [stdout] 
[INFO] [stdout] error[E0425]: cannot find function `hid_enumerate` in this scope
[INFO] [stdout]   --> /opt/rustwide/cargo-home/git/checkouts/hidapi-rs-4adaa2ddbabdf0bc/c626cc4/src/lib.rs:56:24
[INFO] [stdout]    |
[INFO] [stdout] 56 |         self.devices = hid_enumerate(0, 0)?;
[INFO] [stdout]    |                        ^^^^^^^^^^^^^ not found in this scope
[INFO] [stdout] 
[INFO] [stdout] 
[INFO] [stdout] error[E0412]: cannot find type `HidDevice` in this scope
[INFO] [stdout]   --> /opt/rustwide/cargo-home/git/checkouts/hidapi-rs-4adaa2ddbabdf0bc/c626cc4/src/lib.rs:70:93
[INFO] [stdout]    |
[INFO] [stdout] 70 | pub fn hid_open(vendor_id: u16, product_id: u16, serial_number: Option<&str>) -> Option<Box<HidDevice>>
[INFO] [stdout]    |                - help: you might be missing a type parameter: `<HidDevice>`                 ^^^^^^^^^ not found in this scope
[INFO] [stdout] 
[INFO] [stdout] 
[INFO] [stdout] error[E0425]: cannot find function `hid_enumerate` in this scope
[INFO] [stdout]   --> /opt/rustwide/cargo-home/git/checkouts/hidapi-rs-4adaa2ddbabdf0bc/c626cc4/src/lib.rs:73:20
[INFO] [stdout]    |
[INFO] [stdout] 73 |     for cur_dev in hid_enumerate(vendor_id, product_id).unwrap_or(Vec::new()) {
[INFO] [stdout]    |                    ^^^^^^^^^^^^^ not found in this scope
[INFO] [stdout] 
[INFO] [stdout] 
[INFO] [stdout] error[E0425]: cannot find function `hid_open_path` in this scope
[INFO] [stdout]   --> /opt/rustwide/cargo-home/git/checkouts/hidapi-rs-4adaa2ddbabdf0bc/c626cc4/src/lib.rs:77:28
[INFO] [stdout]    |
[INFO] [stdout] 77 |                     return hid_open_path(cur_dev.path).ok();
[INFO] [stdout]    |                            ^^^^^^^^^^^^^ not found in this scope
[INFO] [stdout] 
[INFO] [stdout] 
[INFO] [stdout] error[E0425]: cannot find function `hid_open_path` in this scope
[INFO] [stdout]   --> /opt/rustwide/cargo-home/git/checkouts/hidapi-rs-4adaa2ddbabdf0bc/c626cc4/src/lib.rs:79:37
[INFO] [stdout]    |
[INFO] [stdout] 79 |                 (None, _) => return hid_open_path(cur_dev.path).ok(),
[INFO] [stdout]    |                                     ^^^^^^^^^^^^^ not found in this scope
[INFO] [stdout] 
[INFO] [stdout] 
[INFO] [stderr]    Compiling quote v1.0.2
[INFO] [stdout] error: aborting due to 8 previous errors
[INFO] [stdout] 
[INFO] [stdout] 
[INFO] [stdout] Some errors have detailed explanations: E0412, E0425.
[INFO] [stdout] 
[INFO] [stdout] For more information about an error, try `rustc --explain E0412`.
[INFO] [stdout] 
[INFO] [stderr] error: could not compile `hidapi-rs`
[INFO] [stderr] 
[INFO] [stderr] To learn more, run the command again with --verbose.
[INFO] [stderr] warning: build failed, waiting for other jobs to finish...
[INFO] [stderr] error: build failed
[INFO] running `Command { std: "docker" "inspect" "c5c1ebe829d29ba351792998f430449aabd76b5612930518f7f1def664c5dbd2", kill_on_drop: false }`
[INFO] running `Command { std: "docker" "rm" "-f" "c5c1ebe829d29ba351792998f430449aabd76b5612930518f7f1def664c5dbd2", kill_on_drop: false }`
[INFO] [stdout] c5c1ebe829d29ba351792998f430449aabd76b5612930518f7f1def664c5dbd2
